6). Let t(n) = -172*n + 351. Let v be t(2). Calculate the greatest common factor of v and c.
7
Suppose -4248 - 23409 = -9*w. What is the highest common divisor of 14 and w?
7
Suppose -7*y - 2*y + 99 = -0*y. Calculate the greatest common factor of 2816 and y.
11
Suppose -3*c + 87 = -28*z + 25*z, 5*c + z - 103 = 0. Let u(h) = h**2 + 33. Let k be u(0). What is the greatest common factor of k and c?
11
Let j(g) = -574*g + 150. Let u be j(-2). What is the highest common divisor of 77 and u?
11
Let r(z) = z**2 - 6*z - 1. Let c be r(-2). Suppose -6 = -2*u + 4*y, -8*y = -5*u - 13*y + c. Let x = -52 + 76. What is the greatest common divisor of u and x?
3
Let w be 46782/(-117) - (12/(-26))/(-3). Let b = w - -452. Calculate the highest common divisor of b and 286.
26
Suppose 31524 = 58*m - 53852. Calculate the greatest common divisor of 253 and m.
23
Let w be (-11)/((-22)/4) - -10. Let s = -97 - -106. What is the highest common divisor of w and s?
3
Let t be 618/(-412)*-10*1. Let a(d) = -19*d**3 + 2*d**2 + d. Let b be a(-1). What is the greatest common divisor of b and t?
5
Let f(k) = 5*k - 154. Let z(l) = 17*l - 460. Let t(m) = -11*f(m) + 4*z(m). Let v be t(13). What is the highest common factor of v and 621?
23
Let t = -5278 - -5539. Calculate the highest common divisor of t and 145.
29
Let s(l) = -3*l - 6. Let d be s(-4). Let c be 7/(3/(-1) + d + -2). Suppose 7*f - 272 - 169 = 0. Calculate the highest common factor of c and f.
7
Suppose -9525 - 20068 = -293*z. Calculate the highest common divisor of 7373 and z.
101
Let p(t) = 2*t**3 - 37*t**2 - 77*t - 156. Let y be p(21). Suppose 2*c = 2*m - 29 - 79, m = 4*c + 54. What is the greatest common factor of y and m?
54
Let i(o) = -o**2 + 3*o + 9. Let k be i(4). Suppose -3*j = -2*g - 35, j = -j + k*g + 5. Let m = 135 + -75. Calculate the greatest common divisor of j and m.
15
Let g = 20368 + -20330. What is the highest common factor of g and 18962?
38
Let d be ((-23)/((-644)/96))/(30/47985). Calculate the greatest common divisor of d and 18.
6
Suppose -t + 13*g = 8*g - 32188, 4*g - 32116 = -t. What is the greatest common factor of t and 36?
36
Let r(g) = 13*g + 28. Let y be r(2). Suppose -2*h - y = -8*h. What is the greatest common divisor of 90 and h?
9
Let d(p) = -29*p - 188. Let a be d(-12). Calculate the highest common divisor of a and 7840.
160
Let k be ((-5)/4)/((-2)/8) + -1. Suppose -l = k*l - 5*n - 390, -2*l = n - 141. Let y = 88 - l. What is the greatest common divisor of 6 and y?
3
Let v be -15*(3 - 16/3). Let r = 40 - v. Let t be 14/(-21)*-15*r. Calculate the highest common factor of t and 10.
10
Let o = -17356 - -17458. What is the greatest common factor of o and 6987?
51
Let x be 8/(-14) - (-330)/(-35). Let a = -11 - x. Let p = 20 - a. What is the greatest common factor of 168 and p?
21
Let p be (-42)/(-112) - 153/24 - -70. Calculate the greatest common factor of p and 584.
8
Let b(h) = 32*h + 138. Suppose 266*w - 16 = 274*w. Let a be b(w). Calculate the greatest common factor of a and 1184.
74
Suppose 2*p + 24 = 5*p. Suppose 1314 = 10*l + p*l. Let x = -1 + l. What is the greatest common factor of x and 18?
18
Suppose b = 5, -2*r + 0*b - 970 = 2*b. Let y = r - -958. Calculate the greatest common divisor of 52 and y.
52
Let r = -64 - -1264. Calculate the highest common factor of 75 and r.
75
Suppose -11116 = -3*c + 132*x - 134*x, -4*c - 3*x + 14822 = 0. What is the highest common factor of c and 8?
8
Let q(m) = -m**3 + 4*m**2 + 25*m - 4. Let k be q(7). Let w be (-10)/(-2) - (k/(-4) + -1). Calculate the greatest common factor of 32 and w.
4
Let h be 60/(-4)*2/(-5). Suppose -340 + 91 = -g. Let m = 261 - g. Calculate the greatest common factor of h and m.
6
Suppose 0 = -28*i + 27*i - 1, -4*v - 3*i = -23549. What is the greatest common factor of 92 and v?
92
Let y = 496 + -292. Let d = 340 - y. Suppose d = 5*p - 274. What is the greatest common divisor of 123 and p?
41
Let n(u) = -4*u + u + 2*u + 1. Let o(f) = -12*f + 12. Let z(a) = 8*n(a) - o(a). Let l be z(6). What is the greatest common divisor of 100 and l?
20
Suppose 205 = 5*m - 3*v, 135 = 5*m - 5*v - 80. Calculate the highest common divisor of m and 8018.
38
Let w be 765*(2444/(-130) + 19). Calculate the highest common factor of w and 2091.
51
Let t be (-4)/(-6)*(-266460)/(-40). Suppose 25*m - t = 7109. What is the highest common divisor of m and 42?
42
Suppose -2*o + 4*v = 10, -2*o = -7*o + 2*v - 17. Let n be (o/5)/(10/(-200)). What is the highest common divisor of n and 102?
6
Suppose 0 = 3*v + j - 951, -v - 939 = -4*v + j. Let i(z) = -9*z - 11. Let m be i(-9). Calculate the highest common divisor of v and m.
35
Suppose 8*z - 11*z - 4*y = 10, y - 2 = -3*z. Let n(r) = 8*r**3 + 4*r + 0*r**2 + 0*r**2 - 4*r**2. Let c be n(z). Calculate the highest common factor of c and 28.
28
Let k = -166 - -169. Suppose 606 + 615 = k*m. Calculate the greatest common divisor of 37 and m.
37
Let y = -3838 - -3949. What is the greatest common factor of 296 and y?
37
Let k be 45983/6 - ((-2300)/(-120))/23. Calculate the highest common divisor of 97 and k.
97
Suppose 5*k - 1407 = -4*x - 1187, 115 = 3*k - x. What is the highest common divisor of k and 2430?
10
Let d(x) = -22*x - 2. Let u be d(-1). Suppose -28*i + 2*m = -28*i, -i + 740 = -5*m. Calculate the greatest common factor of i and u.
20
Let v = -2883 - -2907. Suppose 0 = -0*g - 5*g + 15. Suppose -g*x + 36 = -2*x. What is the greatest common divisor of x and v?
12
Suppose -j - 1 = 0, s + 220*j - 219*j - 36 = 0. Calculate the greatest common divisor of s and 11988.
37
Suppose -264 = 2*z - 14*z. Suppose -5*p + z + 58 = 0. Suppose 0 = -9*j + 5*j + p. Calculate the highest common factor of 20 and j.
4
Suppose 0 = -61*v + 389 + 38. Calculate the highest common divisor of v and 959.
7
Let x(h) = -h**2 + 39*h - 270. Let r be x(16). What is the highest common factor of r and 1323?
49
Let b be -6*6/4*-7 + -3. Let r = -34 + b. Calculate the greatest common divisor of r and 13.
13
Let k(q) = q - 1. Let g be k(6). Let s = -1194 + 1198. Suppose -l + c = -13, -g*l - s*c - 5 = -34. Calculate the greatest common factor of 9 and l.
9
Let y be (-4)/3*-2*12/16. Let d be (-6 - (-251 + y)) + 2. Calculate the highest common divisor of d and 98.
49
Suppose 0 = -234*h + 97*h + 110*h + 216. Calculate the highest common divisor of h and 499.
1
Suppose 2*h = -l + h + 54, 113 = 2*l - 3*h. Let v = -799 + 799. Let b be -2 + 4 + 1 + v + 19. Calculate the highest common divisor of b and l.
11
Suppose -3*w - 3*k + 151 = -2*k, 2*w - 4*k - 110 = 0. Suppose -3*j - 8 + 23 = 0, 4*u - j - w = 0. What is the highest common divisor of 854 and u?
14
Suppose r + 76 = 3*j - 107, 3*j + 2*r = 201. Let z be -2*(0 - (-9 - -2)). Let m = 23 + z. What is the highest common divisor of j and m?
9
Suppose n + 2*z + 39 = -583, 4*n + 4*z + 2496 = 0. Let m = -486 - n. Calculate the greatest common divisor of 175 and m.
35
Let j(t) be the first derivative of t**4/4 - 8*t**3/3 - 21*t**2/2 + 15*t - 30. Let w be j(10). What is the highest common divisor of w and 280?
5
Let r = -348 - -1536. What is the greatest common divisor of 44 and r?
44
Suppose -43*s + 45*s - 86 = -4*d, 4*s = 4*d + 196. What is the highest common factor of 16591 and s?
47
Let q be (-342797)/(-65) - 18/(-15). Calculate the greatest common divisor of q and 25.
25
Let c(g) = 6*g - 76. Let p be c(15). Suppose -9*a + p*a - 600 = 0. What is the highest common factor of a and 90?
30
Suppose 16 = -28*x + 100. Suppose 0 = -3*s + w + 126, 0*w = x*s - 2*w - 129. What is the greatest common divisor of s and 533?
41
Let h(v) = -v**2 + 88*v - 1487. Let c be h(23). Let w be (-1)/2*(-3 + -1). What is the highest common divisor of c and w?
2
Suppose -5*z + 4*w - 4 = -2*z, -4*w = 4*z + 52. Let u(i) = i**3 + 6*i**2 - 20*i - 8. Let m be u(z). Calculate the greatest common factor of 264 and m.
24
Let r = 4439 - 2657. Calculate the highest common factor of r and 27.
27
Suppose -507*h = -253*h - 47092 - 5486. Suppose -13 + 105 = 4*d. Calculate the greatest common divisor of h and d.
23
Let r = 1196 + -499. Suppose -r*q = -702*q + 130. What is the greatest common factor of q and 143?
13
Suppose 28*y = -19*y + 61288. Calculate the highest common factor of 72 and y.
8
Let x = 109 - 106. Suppose 0 = x*s + 4*a - 82, -5*a 